14 - 1)?
-105
What is the value of (1 - 36) + (181 - (291 + -179))?
34
Evaluate -84 + 223 + -126 + (0 - (1 + -18)) + -1.
29
Calculate 0 + ((-17 - -27) + -27 - 11).
-28
(-50 - (-54 + 141)) + (10 - 3)
-130
Evaluate -2805 + 2800 + (18 - 0) + (-5 - -5) + -2.
11
-43 + (-32 - (-58 + 19))
-36
Evaluate (-542 - -557 - (-1 + -82)) + 15.
113
What is (-3767 - -3803) + (-1 - -24)?
59
What is (1 - -2) + -627 + 535?
-89
What is the value of -1 - (0 - (-36 - -20 - -38))?
21
22 - (24 - (-63 + (-7 - -20)))
-52
Evaluate 88 - (53 + -15 + -17 + -7 - 4).
78
Calculate 80 - (3 + -16 + -5 + (-22 - (-40 - -15))).
95
Evaluate (2 + 1 - -7 - ((-35 - -51) + -11)) + -22.
-17
What is (1 - -10) + (-19 - (-9 - 23)) - -11?
35
Calculate (0 - -8) + (0 + 2 - (-379 - -421)).
-32
Evaluate 5 + (30 - (-19 - -2) - -1).
53
Evaluate (-4 - -7) + -14 + (-10 - 20).
-41
Evaluate (51 - (1 + -1 - 14) - 1) + 7.
71
What is -106 - -29 - (-34 + -64)?
21
Evaluate 4 + 31 + -135 + 29.
-71
Calculate (99 - (-40 - -23)) + -48 + (5 - 0).
73
What is 26 - ((-21 + 28 - 23) + 33 - 0)?
9
What is the value of 89 + 7 + 0 + (-11 - (-29 + 10 - 7))?
111
What is the value of -54 + 65 + -92 - -28?
-53
What is 832 - 778 - (2 + 37)?
15
Calculate 20 + 80 + 18 - (77 + -45).
86
(51 - 35) + 24 - 54
-14
Evaluate -36 + ((-3 - (-11 + 4 - -13)) + 3 - -8).
-34
What is 1020 + -1070 + (-1 - -207) - (-2 - -7)?
151
What is 1 + -23 - (84 + (-29 - 80))?
3
Calculate (21 - (90 + 7 + -19)) + 5.
-52
(66 - 90) + -2 + -1
-27
Calculate (32 - 12) + -58 + 0 + 1 + (0 - -2).
-35
What is (-3 - -2 - -3) + 13 - (-109 - -24 - -81)?
19
What is 56 + -7 - 20 - 1?
28
What is -2 + (-26 - -16) - 1?
-13
What is the value of -64 + (-52 - -93) - -55?
32
What is the value of 3 - (-35 - -3 - -53)?
-18
What is (11 - (-24 - -28)) + 7 + 26?
40
What is -5 - (-6 + (-19 + 8 - -1 - -4))?
7
Evaluate -3 + (38 - (-10 + 65)).
-20
Evaluate -28 + -117 + 402 + -283.
-26
What is the value of -2 - 117 - -2 - ((-55 - (3 - 3)) + 60)?
-122
-101 + 150 + -247 + 146
-52
Calculate (16 - (117 + -4 - 4)) + (-43 - -38).
-98
(-192 - -208 - (1 - -100)) + 31
-54
Evaluate 0 - -29 - 16 - -9 - 23.
-1
Evaluate 131 + -58 + -64 - (3 - 0).
6
Calculate -41 + (-2 - -2 - -15) - -14.
-12
Evaluate (-2 - -3) + -323 + 391 + 0 + 6.
75
Evaluate (34 - (31 + 26)) + 101 - 32.
46
What is 0 - ((1341 - 1322) + (0 - -61))?
-80
What is (91 + -99 - -31) + 3 + (-58 - 6)?
-38
23 - (56 + -17 + -15)
-1
Evaluate 44 - (39 + 33) - (-17 - (1 + -6)).
-16
Evaluate (2 - -10) + (2 + 1 - (2 - 15 - -12)).
16
What is (1 + -2 + 14 - 5 - (2 + -1)) + 15?
22
Evaluate (-35 - -20 - -15 - 6) + -33 - (-7 - 0).
-32
What is 6 + -1 + (-58 - (-85 + 90))?
-58
What is the value of -132 + 36 + (-90 - -99)?
-87
(50 - 66 - 18) + (-17 - 83)
-134
What is (-85 - (-138 - -102)) + 76?
27
Calculate (-27 + 32 - (17 - 0)) + 12 - 47.
-47
6 - ((-1 - -2 - 26) + (16 - (6 - -14)))
35
What is the value of 56 + 11 + (-30 + 7 - (9 - 5))?
40
What is the value of (-192 - -199) + 4 + -11 + -3 + 12?
9
What is the value of -110 - -222 - ((17 - 15) + (-1 - -17))?
94
What is (61 - 33) + (1 - -1 - (7 + 8 + -18))?
33
Evaluate (-6 - (10 - (12 + 2))) + 36.
34
-22 - (-7 + (8 - -11) + -27)
-7
Evaluate (3 - -34) + -1 + 2 - (-769 + 781).
26
What is the value of (31 + 81 - 52) + 32?
92
Evaluate (227 + -229 - (2 + 23)) + -16 + 5.
-38
Calculate -9 + (0 - -3) + 3 + 0 + (96 - 70).
23
Evaluate (58 + 42 - -4) + 4 + 9.
117
What is (9 + -6 - -3) + 1 + 5 - 11?
1
21 + -35 + 34 - -8 - -30
58
What is -83 + (5 - -166 - 35)?
53
81 - (107 - 43 - 91)
108
What is 0 + -16 + 14 + -7 + (2 - 3 - -11)?
1
Evaluate -23 + (-9 + 2 - (226 - 326)).
70
What is 3 + (-61 - (-7 + -3 + 8)) + 18?
-38
-18 + 153 + (-229 - 22)
-116
Evaluate (0 - -10) + (382 + -367 - (2 + 6 + 1)).
16
What is the value of (-44 - -23) + 19 + (-103 - -1) + 0?
-104
Evaluate (9 + 0 - (4 + (-26 - -43) + -23)) + 9.
20
(-19 - (-70 + (52 - 32))) + -19
12
What is -12 + (-4 - 6) + 11 + 102 + -27?
64
24 - 37 - (-5 + 1 - -18)
-27
(-3 - (45 - 176)) + -6
122
What is the value of 64 - 34 - (103 + 18)?
-91
What is the value of (-1 + 1 - -13) + (8 + 17 - (72 + -45))?
11
Calculate 12 - (31 + (17 - 21)) - 8.
-23
Evaluate 7 - (-1 - 0) - (-86 - (-40 - -28 - -2)).
84
Evaluate (9 - -1) + 58 + -1 + 1 + 4 + 1.
73
(6 + -9 + -19 - -28) + -3 + -14 + -3
-14
Calculate 0 - 3 - (-1 - -10 - (1809 + -1864)).
-67
What is the value of 10 + -9 - ((104 - 6) + -6)?
-91
What is the value of 60 - 34 - ((-1 - 3) + 17 + 3)?
10
Evaluate (-29 - (98 + -170)) + -83.
-40
What is 108 - 125 - 24 - -85?
44
What is the value of -15 + (13 + 12 + -4 + 5 - 10)?
1
What is -30 - -2 - (-24 + -48 + 75) - 10?
-41
What is the value of 9 + (17 - 11) + -15 + (-1 - -3) + 22?
24
What is -1184 - -1321 - (53 - -4)?
80
Evaluate 5 - -27 - (48 - -9 - 26).
1
117 - (41 - (-96 - -71))
51
What is the value of 41 + -50 + (57 - (3 - 7))?
52
What is 48 + (11 + 1 - (44 - 18)) - -10?
44
What is (-11 - (2 - 7)) + 2 + -3 + (-868 - -857)?
-18
Evaluate (81 - 9) + -75 - (2 + 16).
-21
What is the value of -1654 + 1691 + -5 + -65?
-33
21 - ((17 + -46 - -52) + 1)
-3
What is the value of (77 - -2) + 6 + -21 + 15 - (11 - 22)?
90
What is the value of 114 - (0 - 2) - (-2 - (-6 + -39) - 42)?
115
Evaluate -22 + 81 + 10 - 20.
49
Evaluate 32 - (125 + (55 - 131)).
-17
What is the value of -44 + 53 + 31 + -32?
8
Calculate 34 + -23 + -46 - -39.
4
Calculate 16 + (-24 + -27 - -130).
95
What is the value of -13 - ((-35 - -4) + (-21 - (-23 - 7)))?
9
Calculate -210 + 211 + (7 - 40).
-32
What is (31 - (-6 + 66)) + (2 - (-4 + 4)) - -2?
-25
Evaluate -6 + -1 - (30 + (-30 - 29) + 35).
-13
-1373 - -1325 - (-58 + 0)
10
What is 84 + (-139 - -59) - 28?
-24
Calculate 73 - -40 - (-272 - -230).
155
Evaluate -21 + (6 - (12 - (14 - -1))) + -1.
-13
What is -86 + 0 + 3 + -18 + (-437 - -460)?
-78
Calculate -24 - ((-3 - -31) + -150 + 4).
94
What is (167 - (-8 + 56)) + -79?
40
What is -30 + 45 + -9 + -12?
-6
Calculate -21 + (30 - 3 - -5) + 1 + -37.
-25
What is -40 + -4 - -34 - (-65 - (1 + (-9 - -6)))?
53
What is -17 + (-17 - (-48 - 31))?
45
Calculate (39 + -23 - -14) + -27.
3
What is the value of -56 - 60 - (-4 + (16 - (11 - 1)))?
-118
What is the value of 17 + 4 - (74 - (64 + -1) - (1 + 19))?
30
What is (2 - 108 - -118) + (2 - -7)?
21
What is the value of (-119 - -133) + -1 + -50?
-37
(-31 - -3) + -340 + 412 + 3 + -2 + -1
44
Evaluate 441 + -276 + -185 - (93 - 1).
-112
What is 516 + -569 - (-36 + 1)?
-18
Calculate -16 + (-1 + 4 - (647 - 632)).
-28
Evaluate (32 - (8 + -14)) + -137 + 126.
27
What is the value of 1 + -7 - -10 - (-379 - -321)?
62
Calculate -78 + -2 + (37 - -31).
-12
What is (-6 - -61) + -1 + -4 + 3 - (-10 + 5)?
58
Calculate -245 + 219 + 20 + (22 + 1 + -3 - 1).
13
What is the value of -26 - ((2 - -35) + -4 + -34)?
-25
-108 + (53 - 17 - -13)
-59
6 + (13 - 21) + -26 + 5 + 4
-19
329 + -346 + 2 + -9 - -39
15
-13 + 18 - 6 - (2 + 2)
-5
(-6 - (-20 + (0 - -15)) - (13 + -2)) + 77
65
Calculate (-1 - (-6 - -4)) + -47 + (-628 - -609).
-65
Evaluate (7 + -20 - -33) + (-20 - (-11 + -2)).
13
What is -13 + (3 + 0 - -1) - (21 - (-19 - -43))?
-6
What is -11 + 1 - (2 + -1) - (-18 - (-3 + -23))?
-19
Evaluate 4 + -35 + (45 - 57) + 0.
-43
What is the value of -13 - 0 - (5 - (1 + 27 - 27))?
-17
-31 - (-6 - 0 - (-434 + 448))
-11
Calculate 94 + -41 + -42 - -13.
24
What is (-2 - 0 - 29) + (5 - -53) + -69?
-42
(30 - (61 + -38)) + (-36 - (5 + (3 - 6)))
-31
Evaluate 0 + -33 + (53 + -15 - 25).
-20
What is -114 + (-33 - (29 + 35 + -134))?
-77
What is -29 + -7 - (0 + (4 - (31 - 14)))?
-23
Evaluate (-28 - -24) + -6 + (-21 + 9 - 42).
-64
-3 - ((15 - (-11 - -23)) + -57 - 5)
56
What is the value of -2 - (63 + 14 + -15 + -3) - -15?
-46
Evaluate 1063 + -978 + -6 + -1 + -2.
76
-25 + (50 - 55 - (-1 + -4))
-25
What is (34 - (-23 + 45)) + -2 + -6 + 2?
6
What is the value of -2 + (-6 - -4) - (-7 + 5 - (0 + -38))?
-40
What is (-8 - 1) + (-39 + -35 - -50)?
-33
What is (-32 + 24 - -48) + -26?
14
What is -93 + (33 - 27 - (5 - -8) - (-16 - 0))?
-84
What is -37 + (-9 - (-25 + 54))?
-75
What is 33 - (-9 - -13 - 2)?
31
1 + 14 - (4 + -14 + 11) - 76 - 4
-66
Calculate (8282 - 8302) + 25 + -3 + 6.
8
Calculate (2 - -3) + -1 - (-2192 + 2195).
1
What is (37 - 64) + 39 + -49?
-37
What is the value of (-15 + 6 - (-3 + -1 - (-13 + 11))) + 7?
0
Evaluate -1 - 4 - (-3 - 0 - (-33 + 217 - 57)).
12